{"id":91,"date":"2023-07-09T14:06:30","date_gmt":"2023-07-09T12:06:30","guid":{"rendered":"https:\/\/lefestivel.fr\/?page_id=91"},"modified":"2023-08-06T19:46:35","modified_gmt":"2023-08-06T17:46:35","slug":"mentions-legales","status":"publish","type":"page","link":"https:\/\/lefestivel.fr\/index.php\/mentions-legales\/","title":{"rendered":"MENTIONS LEGALES"},"content":{"rendered":"\n<h1 class=\"wp-block-heading\">Mentions l\u00e9gales<\/h1>\n\n\n\n<p>En vigueur au 01\/07\/2023<\/p>\n\n\n\n<p>Conform\u00e9ment aux dispositions des Articles 6-III et 19 de la Loi n\u00b02004-575 du 21 juin 2004 pour la Confiance dans l\u2019\u00e9conomie num\u00e9rique, dite L.C.E.N., il est port\u00e9 \u00e0 la connaissance des utilisateurs et visiteurs, ci-apr\u00e8s l\u00a0\u00bb\u00a0\u00bb<strong>Utilisateur<\/strong>\u00ab\u00a0, du site https:\/\/www.lefestivel.fr , ci-apr\u00e8s le \u00ab\u00a0<strong>Site<\/strong>\u00ab\u00a0, les pr\u00e9sentes mentions l\u00e9gales.<\/p>\n\n\n\n<p>La connexion et la navigation sur le Site par l\u2019Utilisateur implique acceptation int\u00e9grale et sans r\u00e9serve des pr\u00e9sentes mentions l\u00e9gales.<\/p>\n\n\n\n<p>Ces derni\u00e8res sont accessibles sur le Site \u00e0 la rubrique \u00ab&nbsp;<strong>Mentions l\u00e9gales<\/strong>&nbsp;\u00bb.<\/p>\n\n\n\n<h2 class=\"wp-block-heading\">ARTICLE 1 &#8211; L&rsquo;EDITEUR<\/h2>\n\n\n\n<h2 class=\"wp-block-heading\"><\/h2>\n\n\n\n<p>L&rsquo;\u00e9dition du Site est assur\u00e9e par MAD ET MOSELLE SINGLE TRACK ASSOCIATION au capital de _______________ euros, immatricul\u00e9e au Registre du Commerce et des Soci\u00e9t\u00e9s de _______________ sous le num\u00e9ro _______________ dont le si\u00e8ge social est situ\u00e9 au _______________,&nbsp;<\/p>\n\n\n\n<p>Num\u00e9ro de t\u00e9l\u00e9phone _______________,&nbsp;<\/p>\n\n\n\n<p>Adresse e-mail : _______________.<\/p>\n\n\n\n<p>N\u00b0 de TVA intracommunautaire : _______________<\/p>\n\n\n\n<p>Le Directeur de la publication est _______________<\/p>\n\n\n\n<p>ci-apr\u00e8s l'\u00a0\u00bb<strong>Editeur<\/strong>\u00ab\u00a0.<\/p>\n\n\n\n<h1 class=\"wp-block-heading\"><\/h1>\n\n\n\n<h2 class=\"wp-block-heading\">ARTICLE 2 &#8211; L&rsquo;HEBERGEUR<\/h2>\n\n\n\n<h1 class=\"wp-block-heading\"><\/h1>\n\n\n\n<p>L&rsquo;h\u00e9bergeur du Site est la soci\u00e9t\u00e9 OVH, dont le si\u00e8ge social est situ\u00e9 au _______________ , av<strong>ec le num\u00e9ro de t\u00e9l\u00e9phone : _______________ + adresse mail de contact<\/strong><\/p>\n\n\n\n<h1 class=\"wp-block-heading\"><\/h1>\n\n\n\n<h2 class=\"wp-block-heading\">ARTICLE 3 &#8211; ACCES AU SITE<\/h2>\n\n\n\n<h1 class=\"wp-block-heading\"><\/h1>\n\n\n\n<p>Le Site est accessible en tout endroit, 7j\/7, 24h\/24 sauf cas de force majeure, interruption programm\u00e9e ou non et pouvant d\u00e9coulant d\u2019une n\u00e9cessit\u00e9 de maintenance.<\/p>\n\n\n\n<p>En cas de modification, interruption ou suspension du Site, l&rsquo;Editeur ne saurait \u00eatre tenu responsable.<\/p>\n\n\n\n<h2 class=\"wp-block-heading\">ARTICLE 4 &#8211; COLLECTE DES DONNEES<\/h2>\n\n\n\n<h1 class=\"wp-block-heading\"><\/h1>\n\n\n\n<p>Le site est exempt\u00e9 de d\u00e9claration \u00e0 la Commission Nationale Informatique et Libert\u00e9s (CNIL) dans la mesure o\u00f9 il ne collecte aucune donn\u00e9e concernant les utilisateurs.<\/p>\n\n\n\n<p>Toute utilisation, reproduction, diffusion, commercialisation, modification de toute ou partie du Site\ufeff, sans autorisation de l\u2019Editeur est prohib\u00e9e et pourra entra\u00een\u00e9e des actions et poursuites judiciaires telles que notamment pr\u00e9vues par le Code de la propri\u00e9t\u00e9 intellectuelle et le Code civil.<\/p>\n\n\n\n<p>R\u00e9dig\u00e9 sur http:\/\/legalplace.fr<\/p>\n","protected":false},"excerpt":{"rendered":"<p>Mentions l\u00e9gales En vigueur au 01\/07\/2023 Conform\u00e9ment aux dispositions des Articles 6-III et 19 de la Loi n\u00b02004-575 du 21 juin 2004 pour la Confiance dans l\u2019\u00e9conomie num\u00e9rique, dite L.C.E.N., il est port\u00e9 \u00e0 la connaissance des utilisateurs et visiteurs, ci-apr\u00e8s l\u00a0\u00bb\u00a0\u00bbUtilisateur\u00ab\u00a0, du site https:\/\/www.lefestivel.fr , ci-apr\u00e8s le \u00ab\u00a0Site\u00ab\u00a0, les pr\u00e9sentes mentions l\u00e9gales. La connexion [&hellip;]<\/p>\n","protected":false},"author":2,"featured_media":0,"parent":0,"menu_order":0,"comment_status":"closed","ping_status":"closed","template":"","meta":{"_price":"","_stock":"","_tribe_ticket_header":"","_tribe_default_ticket_provider":"","_tribe_ticket_capacity":"0","_ticket_start_date":"","_ticket_end_date":"","_tribe_ticket_show_description":"","_tribe_ticket_show_not_going":false,"_tribe_ticket_use_global_stock":"","_tribe_ticket_global_stock_level":"","_global_stock_mode":"","_global_stock_cap":"","_tribe_rsvp_for_event":"","_tribe_ticket_going_count":"","_tribe_ticket_not_going_count":"","_tribe_tickets_list":"[]","_tribe_ticket_has_attendee_info_fields":false,"footnotes":"","_tec_slr_enabled":"","_tec_slr_layout":""},"class_list":["post-91","page","type-page","status-publish","hentry"],"yoast_head":"<!-- This site is optimized with the Yoast SEO plugin v27.5 - https:\/\/yoast.com\/product\/yoast-seo-wordpress\/ -->\n<title>MENTIONS LEGALES - LE FESTIVEL<\/title>\n<meta name=\"robots\" content=\"index, follow, max-snippet:-1, max-image-preview:large, max-video-preview:-1\" \/>\n<link rel=\"canonical\" href=\"https:\/\/lefestivel.fr\/index.php\/mentions-legales\/\" \/>\n<meta property=\"og:locale\" content=\"fr_FR\" \/>\n<meta property=\"og:type\" content=\"article\" \/>\n<meta property=\"og:title\" content=\"MENTIONS LEGALES - LE FESTIVEL\" \/>\n<meta property=\"og:description\" content=\"Mentions l\u00e9gales En vigueur au 01\/07\/2023 Conform\u00e9ment aux dispositions des Articles 6-III et 19 de la Loi n\u00b02004-575 du 21 juin 2004 pour la Confiance dans l\u2019\u00e9conomie num\u00e9rique, dite L.C.E.N., il est port\u00e9 \u00e0 la connaissance des utilisateurs et visiteurs, ci-apr\u00e8s l\u00a0\u00bb\u00a0\u00bbUtilisateur\u00ab\u00a0, du site https:\/\/www.lefestivel.fr , ci-apr\u00e8s le \u00ab\u00a0Site\u00ab\u00a0, les pr\u00e9sentes mentions l\u00e9gales. La connexion [&hellip;]\" \/>\n<meta property=\"og:url\" content=\"https:\/\/lefestivel.fr\/index.php\/mentions-legales\/\" \/>\n<meta property=\"og:site_name\" content=\"LE FESTIVEL\" \/>\n<meta property=\"article:publisher\" content=\"https:\/\/www.facebook.com\/AncyFestivel\" \/>\n<meta property=\"article:modified_time\" content=\"2023-08-06T17:46:35+00:00\" \/>\n<meta name=\"twitter:card\" content=\"summary_large_image\" \/>\n<meta name=\"twitter:label1\" content=\"Dur\u00e9e de lecture estim\u00e9e\" \/>\n\t<meta name=\"twitter:data1\" content=\"2 minutes\" \/>\n<script type=\"application\/ld+json\" class=\"yoast-schema-graph\">{\"@context\":\"https:\\\/\\\/schema.org\",\"@graph\":[{\"@type\":\"WebPage\",\"@id\":\"https:\\\/\\\/lefestivel.fr\\\/index.php\\\/mentions-legales\\\/\",\"url\":\"https:\\\/\\\/lefestivel.fr\\\/index.php\\\/mentions-legales\\\/\",\"name\":\"MENTIONS LEGALES - LE FESTIVEL\",\"isPartOf\":{\"@id\":\"https:\\\/\\\/lefestivel.fr\\\/#website\"},\"datePublished\":\"2023-07-09T12:06:30+00:00\",\"dateModified\":\"2023-08-06T17:46:35+00:00\",\"breadcrumb\":{\"@id\":\"https:\\\/\\\/lefestivel.fr\\\/index.php\\\/mentions-legales\\\/#breadcrumb\"},\"inLanguage\":\"fr-FR\",\"potentialAction\":[{\"@type\":\"ReadAction\",\"target\":[\"https:\\\/\\\/lefestivel.fr\\\/index.php\\\/mentions-legales\\\/\"]}]},{\"@type\":\"BreadcrumbList\",\"@id\":\"https:\\\/\\\/lefestivel.fr\\\/index.php\\\/mentions-legales\\\/#breadcrumb\",\"itemListElement\":[{\"@type\":\"ListItem\",\"position\":1,\"name\":\"Accueil\",\"item\":\"https:\\\/\\\/lefestivel.fr\\\/\"},{\"@type\":\"ListItem\",\"position\":2,\"name\":\"MENTIONS LEGALES\"}]},{\"@type\":\"WebSite\",\"@id\":\"https:\\\/\\\/lefestivel.fr\\\/#website\",\"url\":\"https:\\\/\\\/lefestivel.fr\\\/\",\"name\":\"LE FESTIVEL\",\"description\":\"Pour les amoureux de la nature et du sport\",\"publisher\":{\"@id\":\"https:\\\/\\\/lefestivel.fr\\\/#organization\"},\"potentialAction\":[{\"@type\":\"SearchAction\",\"target\":{\"@type\":\"EntryPoint\",\"urlTemplate\":\"https:\\\/\\\/lefestivel.fr\\\/?s={search_term_string}\"},\"query-input\":{\"@type\":\"PropertyValueSpecification\",\"valueRequired\":true,\"valueName\":\"search_term_string\"}}],\"inLanguage\":\"fr-FR\"},{\"@type\":\"Organization\",\"@id\":\"https:\\\/\\\/lefestivel.fr\\\/#organization\",\"name\":\"LE FESTIVEL\",\"url\":\"https:\\\/\\\/lefestivel.fr\\\/\",\"logo\":{\"@type\":\"ImageObject\",\"inLanguage\":\"fr-FR\",\"@id\":\"https:\\\/\\\/lefestivel.fr\\\/#\\\/schema\\\/logo\\\/image\\\/\",\"url\":\"https:\\\/\\\/lefestivel.fr\\\/wp-content\\\/uploads\\\/2023\\\/08\\\/bandeau-web-1-scaled.jpg\",\"contentUrl\":\"https:\\\/\\\/lefestivel.fr\\\/wp-content\\\/uploads\\\/2023\\\/08\\\/bandeau-web-1-scaled.jpg\",\"width\":2560,\"height\":945,\"caption\":\"LE FESTIVEL\"},\"image\":{\"@id\":\"https:\\\/\\\/lefestivel.fr\\\/#\\\/schema\\\/logo\\\/image\\\/\"},\"sameAs\":[\"https:\\\/\\\/www.facebook.com\\\/AncyFestivel\"]}]}<\/script>\n<!-- \/ Yoast SEO plugin. -->","yoast_head_json":{"title":"MENTIONS LEGALES - LE FESTIVEL","robots":{"index":"index","follow":"follow","max-snippet":"max-snippet:-1","max-image-preview":"max-image-preview:large","max-video-preview":"max-video-preview:-1"},"canonical":"https:\/\/lefestivel.fr\/index.php\/mentions-legales\/","og_locale":"fr_FR","og_type":"article","og_title":"MENTIONS LEGALES - LE FESTIVEL","og_description":"Mentions l\u00e9gales En vigueur au 01\/07\/2023 Conform\u00e9ment aux dispositions des Articles 6-III et 19 de la Loi n\u00b02004-575 du 21 juin 2004 pour la Confiance dans l\u2019\u00e9conomie num\u00e9rique, dite L.C.E.N., il est port\u00e9 \u00e0 la connaissance des utilisateurs et visiteurs, ci-apr\u00e8s l\u00a0\u00bb\u00a0\u00bbUtilisateur\u00ab\u00a0, du site https:\/\/www.lefestivel.fr , ci-apr\u00e8s le \u00ab\u00a0Site\u00ab\u00a0, les pr\u00e9sentes mentions l\u00e9gales. La connexion [&hellip;]","og_url":"https:\/\/lefestivel.fr\/index.php\/mentions-legales\/","og_site_name":"LE FESTIVEL","article_publisher":"https:\/\/www.facebook.com\/AncyFestivel","article_modified_time":"2023-08-06T17:46:35+00:00","twitter_card":"summary_large_image","twitter_misc":{"Dur\u00e9e de lecture estim\u00e9e":"2 minutes"},"schema":{"@context":"https:\/\/schema.org","@graph":[{"@type":"WebPage","@id":"https:\/\/lefestivel.fr\/index.php\/mentions-legales\/","url":"https:\/\/lefestivel.fr\/index.php\/mentions-legales\/","name":"MENTIONS LEGALES - LE FESTIVEL","isPartOf":{"@id":"https:\/\/lefestivel.fr\/#website"},"datePublished":"2023-07-09T12:06:30+00:00","dateModified":"2023-08-06T17:46:35+00:00","breadcrumb":{"@id":"https:\/\/lefestivel.fr\/index.php\/mentions-legales\/#breadcrumb"},"inLanguage":"fr-FR","potentialAction":[{"@type":"ReadAction","target":["https:\/\/lefestivel.fr\/index.php\/mentions-legales\/"]}]},{"@type":"BreadcrumbList","@id":"https:\/\/lefestivel.fr\/index.php\/mentions-legales\/#breadcrumb","itemListElement":[{"@type":"ListItem","position":1,"name":"Accueil","item":"https:\/\/lefestivel.fr\/"},{"@type":"ListItem","position":2,"name":"MENTIONS LEGALES"}]},{"@type":"WebSite","@id":"https:\/\/lefestivel.fr\/#website","url":"https:\/\/lefestivel.fr\/","name":"LE FESTIVEL","description":"Pour les amoureux de la nature et du sport","publisher":{"@id":"https:\/\/lefestivel.fr\/#organization"},"potentialAction":[{"@type":"SearchAction","target":{"@type":"EntryPoint","urlTemplate":"https:\/\/lefestivel.fr\/?s={search_term_string}"},"query-input":{"@type":"PropertyValueSpecification","valueRequired":true,"valueName":"search_term_string"}}],"inLanguage":"fr-FR"},{"@type":"Organization","@id":"https:\/\/lefestivel.fr\/#organization","name":"LE FESTIVEL","url":"https:\/\/lefestivel.fr\/","logo":{"@type":"ImageObject","inLanguage":"fr-FR","@id":"https:\/\/lefestivel.fr\/#\/schema\/logo\/image\/","url":"https:\/\/lefestivel.fr\/wp-content\/uploads\/2023\/08\/bandeau-web-1-scaled.jpg","contentUrl":"https:\/\/lefestivel.fr\/wp-content\/uploads\/2023\/08\/bandeau-web-1-scaled.jpg","width":2560,"height":945,"caption":"LE FESTIVEL"},"image":{"@id":"https:\/\/lefestivel.fr\/#\/schema\/logo\/image\/"},"sameAs":["https:\/\/www.facebook.com\/AncyFestivel"]}]}},"ticketed":false,"_links":{"self":[{"href":"https:\/\/lefestivel.fr\/index.php\/wp-json\/wp\/v2\/pages\/91","targetHints":{"allow":["GET"]}}],"collection":[{"href":"https:\/\/lefestivel.fr\/index.php\/wp-json\/wp\/v2\/pages"}],"about":[{"href":"https:\/\/lefestivel.fr\/index.php\/wp-json\/wp\/v2\/types\/page"}],"author":[{"embeddable":true,"href":"https:\/\/lefestivel.fr\/index.php\/wp-json\/wp\/v2\/users\/2"}],"replies":[{"embeddable":true,"href":"https:\/\/lefestivel.fr\/index.php\/wp-json\/wp\/v2\/comments?post=91"}],"version-history":[{"count":2,"href":"https:\/\/lefestivel.fr\/index.php\/wp-json\/wp\/v2\/pages\/91\/revisions"}],"predecessor-version":[{"id":93,"href":"https:\/\/lefestivel.fr\/index.php\/wp-json\/wp\/v2\/pages\/91\/revisions\/93"}],"wp:attachment":[{"href":"https:\/\/lefestivel.fr\/index.php\/wp-json\/wp\/v2\/media?parent=91"}],"curies":[{"name":"wp","href":"https:\/\/api.w.org\/{rel}","templated":true}]}}

<h1 class="wp-block-heading">Mentions légales</h1>



<p>En vigueur au 01/07/2023</p>



<p>Conformément aux dispositions des Articles 6-III et 19 de la Loi n°2004-575 du 21 juin 2004 pour la Confiance dans l’économie numérique, dite L.C.E.N., il est porté à la connaissance des utilisateurs et visiteurs, ci-après l » »<strong>Utilisateur</strong>« , du site https://www.lefestivel.fr , ci-après le « <strong>Site</strong>« , les présentes mentions légales.</p>



<p>La connexion et la navigation sur le Site par l’Utilisateur implique acceptation intégrale et sans réserve des présentes mentions légales.</p>



<p>Ces dernières sont accessibles sur le Site à la rubrique «&nbsp;<strong>Mentions légales</strong>&nbsp;».</p>



<h2 class="wp-block-heading">ARTICLE 1 &#8211; L&rsquo;EDITEUR</h2>



<h2 class="wp-block-heading"></h2>



<p>L&rsquo;édition du Site est assurée par MAD ET MOSELLE SINGLE TRACK ASSOCIATION au capital de _______________ euros, immatriculée au Registre du Commerce et des Sociétés de _______________ sous le numéro _______________ dont le siège social est situé au _______________,&nbsp;</p>



<p>Numéro de téléphone _______________,&nbsp;</p>



<p>Adresse e-mail : _______________.</p>



<p>N° de TVA intracommunautaire : _______________</p>



<p>Le Directeur de la publication est _______________</p>



<p>ci-après l' »<strong>Editeur</strong>« .</p>



<h1 class="wp-block-heading"></h1>



<h2 class="wp-block-heading">ARTICLE 2 &#8211; L&rsquo;HEBERGEUR</h2>



<h1 class="wp-block-heading"></h1>



<p>L&rsquo;hébergeur du Site est la société OVH, dont le siège social est situé au _______________ , av<strong>ec le numéro de téléphone : _______________ + adresse mail de contact</strong></p>



<h1 class="wp-block-heading"></h1>



<h2 class="wp-block-heading">ARTICLE 3 &#8211; ACCES AU SITE</h2>



<h1 class="wp-block-heading"></h1>



<p>Le Site est accessible en tout endroit, 7j/7, 24h/24 sauf cas de force majeure, interruption programmée ou non et pouvant découlant d’une nécessité de maintenance.</p>



<p>En cas de modification, interruption ou suspension du Site, l&rsquo;Editeur ne saurait être tenu responsable.</p>



<h2 class="wp-block-heading">ARTICLE 4 &#8211; COLLECTE DES DONNEES</h2>



<h1 class="wp-block-heading"></h1>



<p>Le site est exempté de déclaration à la Commission Nationale Informatique et Libertés (CNIL) dans la mesure où il ne collecte aucune donnée concernant les utilisateurs.</p>



<p>Toute utilisation, reproduction, diffusion, commercialisation, modification de toute ou partie du Site﻿, sans autorisation de l’Editeur est prohibée et pourra entraînée des actions et poursuites judiciaires telles que notamment prévues par le Code de la propriété intellectuelle et le Code civil.</p>



<p>Rédigé sur http://legalplace.fr</p>

<p>Mentions légales En vigueur au 01/07/2023 Conformément aux dispositions des Articles 6-III et 19 de la Loi n°2004-575 du 21 juin 2004 pour la Confiance dans l’économie numérique, dite L.C.E.N., il est porté à la connaissance des utilisateurs et visiteurs, ci-après l » »Utilisateur« , du site https://www.lefestivel.fr , ci-après le « Site« , les présentes mentions légales. La connexion [&hellip;]</p>

<!-- This site is optimized with the Yoast SEO plugin v27.5 - https://yoast.com/product/yoast-seo-wordpress/ -->
<title>MENTIONS LEGALES - LE FESTIVEL</title>
<meta name="robots" content="index, follow, max-snippet:-1, max-image-preview:large, max-video-preview:-1" />
<link rel="canonical" href="https://lefestivel.fr/index.php/mentions-legales/" />
<meta property="og:locale" content="fr_FR" />
<meta property="og:type" content="article" />
<meta property="og:title" content="MENTIONS LEGALES - LE FESTIVEL" />
<meta property="og:description" content="Mentions légales En vigueur au 01/07/2023 Conformément aux dispositions des Articles 6-III et 19 de la Loi n°2004-575 du 21 juin 2004 pour la Confiance dans l’économie numérique, dite L.C.E.N., il est porté à la connaissance des utilisateurs et visiteurs, ci-après l » »Utilisateur« , du site https://www.lefestivel.fr , ci-après le « Site« , les présentes mentions légales. La connexion [&hellip;]" />
<meta property="og:url" content="https://lefestivel.fr/index.php/mentions-legales/" />
<meta property="og:site_name" content="LE FESTIVEL" />
<meta property="article:publisher" content="https://www.facebook.com/AncyFestivel" />
<meta property="article:modified_time" content="2023-08-06T17:46:35+00:00" />
<meta name="twitter:card" content="summary_large_image" />
<meta name="twitter:label1" content="Durée de lecture estimée" />
	<meta name="twitter:data1" content="2 minutes" />
<script type="application/ld+json" class="yoast-schema-graph">{"@context":"https:\/\/schema.org","@graph":[{"@type":"WebPage","@id":"https:\/\/lefestivel.fr\/index.php\/mentions-legales\/","url":"https:\/\/lefestivel.fr\/index.php\/mentions-legales\/","name":"MENTIONS LEGALES - LE FESTIVEL","isPartOf":{"@id":"https:\/\/lefestivel.fr\/#website"},"datePublished":"2023-07-09T12:06:30+00:00","dateModified":"2023-08-06T17:46:35+00:00","breadcrumb":{"@id":"https:\/\/lefestivel.fr\/index.php\/mentions-legales\/#breadcrumb"},"inLanguage":"fr-FR","potentialAction":[{"@type":"ReadAction","target":["https:\/\/lefestivel.fr\/index.php\/mentions-legales\/"]}]},{"@type":"BreadcrumbList","@id":"https:\/\/lefestivel.fr\/index.php\/mentions-legales\/#breadcrumb","itemListElement":[{"@type":"ListItem","position":1,"name":"Accueil","item":"https:\/\/lefestivel.fr\/"},{"@type":"ListItem","position":2,"name":"MENTIONS LEGALES"}]},{"@type":"WebSite","@id":"https:\/\/lefestivel.fr\/#website","url":"https:\/\/lefestivel.fr\/","name":"LE FESTIVEL","description":"Pour les amoureux de la nature et du sport","publisher":{"@id":"https:\/\/lefestivel.fr\/#organization"},"potentialAction":[{"@type":"SearchAction","target":{"@type":"EntryPoint","urlTemplate":"https:\/\/lefestivel.fr\/?s={search_term_string}"},"query-input":{"@type":"PropertyValueSpecification","valueRequired":true,"valueName":"search_term_string"}}],"inLanguage":"fr-FR"},{"@type":"Organization","@id":"https:\/\/lefestivel.fr\/#organization","name":"LE FESTIVEL","url":"https:\/\/lefestivel.fr\/","logo":{"@type":"ImageObject","inLanguage":"fr-FR","@id":"https:\/\/lefestivel.fr\/#\/schema\/logo\/image\/","url":"https:\/\/lefestivel.fr\/wp-content\/uploads\/2023\/08\/bandeau-web-1-scaled.jpg","contentUrl":"https:\/\/lefestivel.fr\/wp-content\/uploads\/2023\/08\/bandeau-web-1-scaled.jpg","width":2560,"height":945,"caption":"LE FESTIVEL"},"image":{"@id":"https:\/\/lefestivel.fr\/#\/schema\/logo\/image\/"},"sameAs":["https:\/\/www.facebook.com\/AncyFestivel"]}]}</script>
<!-- / Yoast SEO plugin. -->

Mentions légales En vigueur au 01/07/2023 Conformément aux dispositions des Articles 6-III et 19 de la Loi n°2004-575 du 21 juin 2004 pour la Confiance dans l’économie numérique, dite L.C.E.N., il est porté à la connaissance des utilisateurs et visiteurs, ci-après l » »Utilisateur« , du site https://www.lefestivel.fr , ci-après le « Site« , les présentes mentions légales. La connexion [&hellip;]
